{"id":2205,"date":"2024-01-03T21:40:30","date_gmt":"2024-01-03T19:40:30","guid":{"rendered":"https:\/\/www.plvk.fi\/?page_id=2205"},"modified":"2025-09-26T17:48:12","modified_gmt":"2025-09-26T14:48:12","slug":"yhteisnosto","status":"publish","type":"page","link":"https:\/\/www.plvk.fi\/index.php\/jasenille\/saannot\/yhteisnosto\/","title":{"rendered":"Yhteisnosto syksyisin"},"content":{"rendered":"\t\t<div data-elementor-type=\"wp-page\" data-elementor-id=\"2205\" class=\"elementor elementor-2205\" data-elementor-post-type=\"page\">\n\t\t\t\t<div class=\"elementor-element elementor-element-771db7c e-flex e-con-boxed e-con e-parent\" data-id=\"771db7c\" data-element_type=\"container\" data-e-type=\"container\">\n\t\t\t\t\t<div class=\"e-con-inner\">\n\t\t\t\t<div class=\"elementor-element elementor-element-05d7c11 elementor-widget elementor-widget-heading\" data-id=\"05d7c11\" data-element_type=\"widget\" data-e-type=\"widget\" data-widget_type=\"heading.default\">\n\t\t\t\t<div class=\"elementor-widget-container\">\n\t\t\t\t\t<h2 class=\"elementor-heading-title elementor-size-default\">Yhteisnoston ohjeet<\/h2>\t\t\t\t<\/div>\n\t\t\t\t<\/div>\n\t\t\t\t\t<\/div>\n\t\t\t\t<\/div>\n\t\t<div class=\"elementor-element elementor-element-14541e3 e-flex e-con-boxed e-con e-parent\" data-id=\"14541e3\" data-element_type=\"container\" data-e-type=\"container\" data-settings=\"{&quot;shape_divider_top&quot;:&quot;mountains&quot;,&quot;shape_divider_bottom&quot;:&quot;mountains&quot;}\">\n\t\t\t\t\t<div class=\"e-con-inner\">\n\t\t\t\t<div class=\"elementor-shape elementor-shape-top\" aria-hidden=\"true\" data-negative=\"false\">\n\t\t\t<svg xmlns=\"http:\/\/www.w3.org\/2000\/svg\" viewBox=\"0 0 1000 100\" preserveAspectRatio=\"none\">\n\t<path class=\"elementor-shape-fill\" opacity=\"0.33\" d=\"M473,67.3c-203.9,88.3-263.1-34-320.3,0C66,119.1,0,59.7,0,59.7V0h1000v59.7 c0,0-62.1,26.1-94.9,29.3c-32.8,3.3-62.8-12.3-75.8-22.1C806,49.6,745.3,8.7,694.9,4.7S492.4,59,473,67.3z\"\/>\n\t<path class=\"elementor-shape-fill\" opacity=\"0.66\" d=\"M734,67.3c-45.5,0-77.2-23.2-129.1-39.1c-28.6-8.7-150.3-10.1-254,39.1 s-91.7-34.4-149.2,0C115.7,118.3,0,39.8,0,39.8V0h1000v36.5c0,0-28.2-18.5-92.1-18.5C810.2,18.1,775.7,67.3,734,67.3z\"\/>\n\t<path class=\"elementor-shape-fill\" d=\"M766.1,28.9c-200-57.5-266,65.5-395.1,19.5C242,1.8,242,5.4,184.8,20.6C128,35.8,132.3,44.9,89.9,52.5C28.6,63.7,0,0,0,0 h1000c0,0-9.9,40.9-83.6,48.1S829.6,47,766.1,28.9z\"\/>\n<\/svg>\t\t<\/div>\n\t\t\t\t<div class=\"elementor-shape elementor-shape-bottom\" aria-hidden=\"true\" data-negative=\"false\">\n\t\t\t<svg xmlns=\"http:\/\/www.w3.org\/2000\/svg\" viewBox=\"0 0 1000 100\" preserveAspectRatio=\"none\">\n\t<path class=\"elementor-shape-fill\" opacity=\"0.33\" d=\"M473,67.3c-203.9,88.3-263.1-34-320.3,0C66,119.1,0,59.7,0,59.7V0h1000v59.7 c0,0-62.1,26.1-94.9,29.3c-32.8,3.3-62.8-12.3-75.8-22.1C806,49.6,745.3,8.7,694.9,4.7S492.4,59,473,67.3z\"\/>\n\t<path class=\"elementor-shape-fill\" opacity=\"0.66\" d=\"M734,67.3c-45.5,0-77.2-23.2-129.1-39.1c-28.6-8.7-150.3-10.1-254,39.1 s-91.7-34.4-149.2,0C115.7,118.3,0,39.8,0,39.8V0h1000v36.5c0,0-28.2-18.5-92.1-18.5C810.2,18.1,775.7,67.3,734,67.3z\"\/>\n\t<path class=\"elementor-shape-fill\" d=\"M766.1,28.9c-200-57.5-266,65.5-395.1,19.5C242,1.8,242,5.4,184.8,20.6C128,35.8,132.3,44.9,89.9,52.5C28.6,63.7,0,0,0,0 h1000c0,0-9.9,40.9-83.6,48.1S829.6,47,766.1,28.9z\"\/>\n<\/svg>\t\t<\/div>\n\t\t\t\t<div class=\"elementor-element elementor-element-7eb6de6 elementor-widget elementor-widget-image\" data-id=\"7eb6de6\" data-element_type=\"widget\" data-e-type=\"widget\" data-widget_type=\"image.default\">\n\t\t\t\t<div class=\"elementor-widget-container\">\n\t\t\t\t\t\t\t\t\t\t\t\t\t\t\t<img fetchpriority=\"high\" decoding=\"async\" width=\"2048\" height=\"620\" src=\"https:\/\/www.plvk.fi\/wp-content\/uploads\/2024\/01\/plvk_kuvitus_nosto.jpg\" class=\"attachment-full size-full wp-image-2215\" alt=\"Veneiden nosto\" srcset=\"https:\/\/www.plvk.fi\/wp-content\/uploads\/2024\/01\/plvk_kuvitus_nosto.jpg 2048w, https:\/\/www.plvk.fi\/wp-content\/uploads\/2024\/01\/plvk_kuvitus_nosto-220x67.jpg 220w, https:\/\/www.plvk.fi\/wp-content\/uploads\/2024\/01\/plvk_kuvitus_nosto-575x174.jpg 575w, https:\/\/www.plvk.fi\/wp-content\/uploads\/2024\/01\/plvk_kuvitus_nosto-300x91.jpg 300w, https:\/\/www.plvk.fi\/wp-content\/uploads\/2024\/01\/plvk_kuvitus_nosto-1024x310.jpg 1024w, https:\/\/www.plvk.fi\/wp-content\/uploads\/2024\/01\/plvk_kuvitus_nosto-768x233.jpg 768w, https:\/\/www.plvk.fi\/wp-content\/uploads\/2024\/01\/plvk_kuvitus_nosto-1536x465.jpg 1536w\" sizes=\"(max-width: 2048px) 100vw, 2048px\" \/>\t\t\t\t\t\t\t\t\t\t\t\t\t\t\t<\/div>\n\t\t\t\t<\/div>\n\t\t\t\t\t<\/div>\n\t\t\t\t<\/div>\n\t\t<div class=\"elementor-element elementor-element-f6b001e e-con-full e-flex e-con e-parent\" data-id=\"f6b001e\" data-element_type=\"container\" data-e-type=\"container\">\n\t\t\t\t<div class=\"elementor-element elementor-element-f33561f elementor-widget elementor-widget-text-editor\" data-id=\"f33561f\" data-element_type=\"widget\" data-e-type=\"widget\" data-widget_type=\"text-editor.default\">\n\t\t\t\t<div class=\"elementor-widget-container\">\n\t\t\t\t\t\t\t\t\t<h3>Ilmoittautuminen<\/h3><p>Ilmoittautuminen nostoihin tapahtuu Kerhosovelluksen kautta. Katso <a href=\"\/index.php\/kerhosovellus\/\">Kerhosovelluksen k\u00e4ytt\u00f6ohjeesta <\/a>lis\u00e4tiedot.<\/p><p>Ilmoittautuminen nostop\u00e4iv\u00e4\u00e4n sulkeutuu nostop\u00e4iv\u00e4\u00e4 edelt\u00e4v\u00e4n\u00e4 keskiviikkona klo 21.00. Ilmoittautuessasi nostoon laita lis\u00e4tietoihin, jos haluat maston kaadettavan.<\/p><h3>Yhteisnostop\u00e4iv\u00e4n\u00e4<\/h3><p>Yhteisnostop\u00e4ivin\u00e4 nostot alkavat kello 7:00. Varaa nostolle aikaa koko p\u00e4iv\u00e4. Mastot kaadetaan heti alkaen kello 7 ja seuraava mahdollisuus maston kaatamiseen on veneiden nostojen lopussa.<\/p><p>Ilmoitaudu satamakapteenille (keltaiset liivit) heti, kun olet saapunut satamaan.\u00a0<\/p><p>Pyri valitsemaan veneesi nostop\u00e4iv\u00e4 siten, ett\u00e4 sit\u00e4 vastaava kev\u00e4\u00e4n laskup\u00e4iv\u00e4 sopii my\u00f6s kalenteriisi. Veneet lasketaan kev\u00e4\u00e4ll\u00e4 l\u00e4ht\u00f6kohtaisesti k\u00e4\u00e4nteisess\u00e4 nostoj\u00e4rjestyksess\u00e4. Mik\u00e4li vene on yhteislaskup\u00e4iv\u00e4n\u00e4 muiden veneiden laskun esteen\u00e4, vene siirret\u00e4\u00e4n omistajan kustannuksella pois muiden tielt\u00e4. Etuk\u00e4teen tiedossa olevista poikkeuksista voi sopia etuk\u00e4teen satamakapteenin kanssa, jolloin veneelle voidaan pyrki\u00e4 valitsemaan sopiva talvis\u00e4ilytyspaikka.<\/p><p>Nostop\u00e4ivin\u00e4 autoja ei saa pys\u00e4k\u00f6id\u00e4 kerhorakennuksen ja c-laiturin v\u00e4liselle alueelle ilman satamakapteenin lupaa. H\u00e4kkien porttien l\u00e4helle on j\u00e4tett\u00e4v\u00e4 my\u00f6s riitt\u00e4v\u00e4sti tilaa nostoautoille.<\/p><h3>Valmistaudu<\/h3><ul><li>Purjeveneiden mastojen kaato tulee valmistella hyviss\u00e4 ajoin ennen omaa vuoroa. Kaadettu masto siirret\u00e4\u00e4n nopeasti laiturilta sivuun, jotta seuraavan nosto voidaan ottaa ty\u00f6nalle. Vene siirret\u00e4\u00e4n nostolaiturilta sivuun odottamaan omaa nostovuoroaan.<\/li><li>Pukkien alle tulee laittaa riitt\u00e4v\u00e4 tuki, jotta asfaltti ei vaurioidu.<\/li><li>Pukit, trailerit ja vene pit\u00e4\u00e4 olla merkittyn\u00e4 (S\u00e4\u00e4nn\u00f6iss\u00e4 on t\u00e4st\u00e4 m\u00e4\u00e4ritelty laiminly\u00f6ntimaksu). Merkint\u00e4n\u00e4 pit\u00e4\u00e4 olla sellainen, ett\u00e4 tied\u00e4mme, kenen veneest\u00e4 on kyse. Vaihtoehtona on nimi, puhelinnro ja laituripaikka tai veneen rekisterinumero ja laituripaikkanumero<\/li><\/ul>\t\t\t\t\t\t\t\t<\/div>\n\t\t\t\t<\/div>\n\t\t\t\t<\/div>\n\t\t<div class=\"elementor-element elementor-element-fbef00d e-flex e-con-boxed e-con e-parent\" data-id=\"fbef00d\" data-element_type=\"container\" data-e-type=\"container\">\n\t\t\t\t\t<div class=\"e-con-inner\">\n\t\t<div class=\"elementor-element elementor-element-222f419 e-con-full e-flex e-con e-child\" data-id=\"222f419\" data-element_type=\"container\" data-e-type=\"container\">\n\t\t\t\t<div class=\"elementor-element elementor-element-0632e51 elementor-widget elementor-widget-text-editor\" data-id=\"0632e51\" data-element_type=\"widget\" data-e-type=\"widget\" data-widget_type=\"text-editor.default\">\n\t\t\t\t<div class=\"elementor-widget-container\">\n\t\t\t\t\t\t\t\t\t<h3>Nosto-\u00e4ppi<\/h3><p>Nostop\u00e4ivin\u00e4 k\u00e4yt\u00e4mme nosto-\u00e4ppi\u00e4, jonka QR-koodi l\u00f6ytyy satamasta.<\/p><p>Satamakapteeni kuittaa \u00e4ppiin nostetut veneet, mist\u00e4 voi seurata nostojen etenemist\u00e4.<\/p>\t\t\t\t\t\t\t\t<\/div>\n\t\t\t\t<\/div>\n\t\t\t\t<\/div>\n\t\t<div class=\"elementor-element elementor-element-793d266 e-con-full e-flex e-con e-child\" data-id=\"793d266\" data-element_type=\"container\" data-e-type=\"container\">\n\t\t\t\t<div class=\"elementor-element elementor-element-8562657 elementor-widget elementor-widget-image\" data-id=\"8562657\" data-element_type=\"widget\" data-e-type=\"widget\" data-widget_type=\"image.default\">\n\t\t\t\t<div class=\"elementor-widget-container\">\n\t\t\t\t\t\t\t\t\t\t\t\t\t\t\t<img decoding=\"async\" width=\"300\" height=\"267\" src=\"https:\/\/www.plvk.fi\/wp-content\/uploads\/2025\/09\/plvk2025_nosto-appi-300x267.png\" class=\"attachment-medium size-medium wp-image-3901\" alt=\"PLVK NOSTO-\u00e4ppi\" srcset=\"https:\/\/www.plvk.fi\/wp-content\/uploads\/2025\/09\/plvk2025_nosto-appi-300x267.png 300w, https:\/\/www.plvk.fi\/wp-content\/uploads\/2025\/09\/plvk2025_nosto-appi.png 620w\" sizes=\"(max-width: 300px) 100vw, 300px\" \/>\t\t\t\t\t\t\t\t\t\t\t\t\t\t\t<\/div>\n\t\t\t\t<\/div>\n\t\t\t\t<\/div>\n\t\t\t\t\t<\/div>\n\t\t\t\t<\/div>\n\t\t<div class=\"elementor-element elementor-element-c8ca888 e-flex e-con-boxed e-con e-parent\" data-id=\"c8ca888\" data-element_type=\"container\" data-e-type=\"container\">\n\t\t\t\t\t<div class=\"e-con-inner\">\n\t\t\t\t<div class=\"elementor-element elementor-element-5b3b962 elementor-widget elementor-widget-button\" data-id=\"5b3b962\" data-element_type=\"widget\" data-e-type=\"widget\" data-widget_type=\"button.default\">\n\t\t\t\t<div class=\"elementor-widget-container\">\n\t\t\t\t\t\t\t\t\t<div class=\"elementor-button-wrapper\">\n\t\t\t\t\t<a class=\"elementor-button elementor-button-link elementor-size-sm\" href=\"https:\/\/plvk2025.glide.page\" target=\"_blank\">\n\t\t\t\t\t\t<span class=\"elementor-button-content-wrapper\">\n\t\t\t\t\t\t\t\t\t<span class=\"elementor-button-text\">Nosto-\u00e4ppiin t\u00e4st\u00e4<\/span>\n\t\t\t\t\t<\/span>\n\t\t\t\t\t<\/a>\n\t\t\t\t<\/div>\n\t\t\t\t\t\t\t\t<\/div>\n\t\t\t\t<\/div>\n\t\t\t\t\t<\/div>\n\t\t\t\t<\/div>\n\t\t<div class=\"elementor-element elementor-element-a77ef44 e-flex e-con-boxed e-con e-parent\" data-id=\"a77ef44\" data-element_type=\"container\" data-e-type=\"container\">\n\t\t\t\t\t<div class=\"e-con-inner\">\n\t\t\t\t<div class=\"elementor-element elementor-element-9e9d92e elementor-widget elementor-widget-text-editor\" data-id=\"9e9d92e\" data-element_type=\"widget\" data-e-type=\"widget\" data-widget_type=\"text-editor.default\">\n\t\t\t\t<div class=\"elementor-widget-container\">\n\t\t\t\t\t\t\t\t\t<h3>Nosturiautot<\/h3><p>Yhteisnostop\u00e4iv\u00e4n\u00e4 on paikalla useampia nosturiautoja, joista kaikki eiv\u00e4t voi nostaa kaikentyyppisi\u00e4 veneit\u00e4.<\/p><p>Satamakapteeni m\u00e4\u00e4ritt\u00e4\u00e4 nostoj\u00e4rjestyksen.<\/p><p>Nostomaksu maksetaan k\u00e4teisell\u00e4 tai kortilla kuljettajalle.<\/p><h3>Veneen pohjanpesu<\/h3><p>Nostop\u00e4ivin\u00e4 on yleens\u00e4 pesupalvelu pesem\u00e4ss\u00e4 veneiden pohjia. Maksu maksetaan suoraan k\u00e4teisell\u00e4 pesij\u00e4lle.<\/p><h3>Trailerilla s\u00e4ilytett\u00e4v\u00e4t veneet<\/h3><p>Talvis\u00e4ilytykseen j\u00e4tett\u00e4v\u00e4t trailerilla olevat veneet ilmoitetaan kerhosovelluksen kalenteriin tietyille ennalta ilmoitetuille p\u00e4iville.<\/p><p>Kyseess\u00e4 ei ole nostop\u00e4iv\u00e4, vaan ilmoittautumisella varaat traileriveneelle paikan talveksi. Traileriveneit\u00e4 voi nostaa omatoimisesti yhteisnostop\u00e4ivin\u00e4 klo 14-16.\u00a0<\/p><h3>Glykolin talteenotto<\/h3><ul><li>Glykolia ei saa laskea asfaltille<\/li><li>Glykolin ker\u00e4\u00e4mist\u00e4 varten l\u00f6ytyy saaveja 2 h\u00e4kist\u00e4 j\u00e4teastian vierest\u00e4<\/li><li>Asfaltille p\u00e4\u00e4ssyt glykoli on poistettava runsaalla vedell\u00e4<\/li><li>J\u00e4tekontissa on kaksi astiaa glykolille (=j\u00e4\u00e4hdytinneste)<\/li><\/ul><h3>Kysymyksi\u00e4?<\/h3><p>Jos sinulla on kysytt\u00e4v\u00e4\u00e4 nostoihin liittyvist\u00e4 asioissa, ole yhteydess\u00e4 satamakapteeniin, jonka\u00a0 yhteystiedot l\u00f6ytyv\u00e4t <a href=\"\/index.php\/yhteystiedot\/\">yhteystiedot-sivulta<\/a>.<\/p>\t\t\t\t\t\t\t\t<\/div>\n\t\t\t\t<\/div>\n\t\t\t\t\t<\/div>\n\t\t\t\t<\/div>\n\t\t<div class=\"elementor-element elementor-element-06d25ce e-flex e-con-boxed e-con e-parent\" data-id=\"06d25ce\" data-element_type=\"container\" data-e-type=\"container\">\n\t\t\t\t\t<div class=\"e-con-inner\">\n\t\t\t\t<div class=\"elementor-element elementor-element-a7f33cd elementor-widget elementor-widget-text-editor\" data-id=\"a7f33cd\" data-element_type=\"widget\" data-e-type=\"widget\" data-widget_type=\"text-editor.default\">\n\t\t\t\t<div class=\"elementor-widget-container\">\n\t\t\t\t\t\t\t\t\t<p style=\"text-align: center;\"><a href=\"https:\/\/www.plvk.fi\/index.php\/ohjeet\/jatehuolto\/\">J\u00e4tehuolto<\/a> | <a href=\"https:\/\/www.plvk.fi\/index.php\/katsastusohjeet\/\">Katsastus<\/a> | <a href=\"https:\/\/www.plvk.fi\/index.php\/jasenille\/kerhosovellus\/\" data-type=\"page\" data-id=\"19\">Kerhosovelluksen k\u00e4ytt\u00f6<\/a> | <a href=\"https:\/\/spv.fi\/matkaveneily\/liputus\/\" target=\"_blank\" rel=\"noreferrer noopener\">Liputus <\/a>(SPV) | <a href=\"https:\/\/www.plvk.fi\/index.php\/vartiointi\/\">Vartiointip\u00e4iv\u00e4kirjan k\u00e4ytt\u00f6<\/a> | <a href=\"https:\/\/www.plvk.fi\/index.php\/yhteislasku\/\">Yhteislasku<\/a> | Yhteisnosto | <a href=\"https:\/\/www.plvk.fi\/index.php\/jasenille\/saannot\/\" data-type=\"page\" data-id=\"19\">S\u00e4\u00e4nn\u00f6t<\/a><\/p>\t\t\t\t\t\t\t\t<\/div>\n\t\t\t\t<\/div>\n\t\t\t\t\t<\/div>\n\t\t\t\t<\/div>\n\t\t\t\t<\/div>\n\t\t","protected":false},"excerpt":{"rendered":"<p>Yhteisnoston ohjeet Ilmoittautuminen Ilmoittautuminen nostoihin tapahtuu Kerhosovelluksen kautta. Katso Kerhosovelluksen k\u00e4ytt\u00f6ohjeesta lis\u00e4tiedot. Ilmoittautuminen nostop\u00e4iv\u00e4\u00e4n sulkeutuu nostop\u00e4iv\u00e4\u00e4 edelt\u00e4v\u00e4n\u00e4 keskiviikkona klo 21.00. Ilmoittautuessasi nostoon laita lis\u00e4tietoihin, jos haluat maston kaadettavan. Yhteisnostop\u00e4iv\u00e4n\u00e4 Yhteisnostop\u00e4ivin\u00e4 [&hellip;]<\/p>\n","protected":false},"author":3,"featured_media":0,"parent":19,"menu_order":1,"comment_status":"closed","ping_status":"closed","template":"","meta":{"site-sidebar-layout":"no-sidebar","site-content-layout":"page-builder","ast-site-content-layout":"full-width-container","site-content-style":"default","site-sidebar-style":"default","ast-global-header-display":"","ast-banner-title-visibility":"","ast-main-header-display":"","ast-hfb-above-header-display":"","ast-hfb-below-header-display":"","ast-hfb-mobile-header-display":"","site-post-title":"disabled","ast-breadcrumbs-content":"","ast-featured-img":"disabled","footer-sml-layout":"","ast-disable-related-posts":"","theme-transparent-header-meta":"","adv-header-id-meta":"","stick-header-meta":"","header-above-stick-meta":"","header-main-stick-meta":"","header-below-stick-meta":"","astra-migrate-meta-layouts":"set","ast-page-background-enabled":"default","ast-page-background-meta":{"desktop":{"background-color":"var(--ast-global-color-4)","background-image":"","background-repeat":"repeat","background-position":"center center","background-size":"auto","background-attachment":"scroll","background-type":"","background-media":"","overlay-type":"","overlay-color":"","overlay-opacity":"","overlay-gradient":""},"tablet":{"background-color":"","background-image":"","background-repeat":"repeat","background-position":"center center","background-size":"auto","background-attachment":"scroll","background-type":"","background-media":"","overlay-type":"","overlay-color":"","overlay-opacity":"","overlay-gradient":""},"mobile":{"background-color":"","background-image":"","background-repeat":"repeat","background-position":"center center","background-size":"auto","background-attachment":"scroll","background-type":"","background-media":"","overlay-type":"","overlay-color":"","overlay-opacity":"","overlay-gradient":""}},"ast-content-background-meta":{"desktop":{"background-color":"var(--ast-global-color-5)","background-image":"","background-repeat":"repeat","background-position":"center center","background-size":"auto","background-attachment":"scroll","background-type":"","background-media":"","overlay-type":"","overlay-color":"","overlay-opacity":"","overlay-gradient":""},"tablet":{"background-color":"var(--ast-global-color-5)","background-image":"","background-repeat":"repeat","background-position":"center center","background-size":"auto","background-attachment":"scroll","background-type":"","background-media":"","overlay-type":"","overlay-color":"","overlay-opacity":"","overlay-gradient":""},"mobile":{"background-color":"var(--ast-global-color-5)","background-image":"","background-repeat":"repeat","background-position":"center center","background-size":"auto","background-attachment":"scroll","background-type":"","background-media":"","overlay-type":"","overlay-color":"","overlay-opacity":"","overlay-gradient":""}},"footnotes":""},"class_list":["post-2205","page","type-page","status-publish","hentry"],"_links":{"self":[{"href":"https:\/\/www.plvk.fi\/index.php\/wp-json\/wp\/v2\/pages\/2205","targetHints":{"allow":["GET"]}}],"collection":[{"href":"https:\/\/www.plvk.fi\/index.php\/wp-json\/wp\/v2\/pages"}],"about":[{"href":"https:\/\/www.plvk.fi\/index.php\/wp-json\/wp\/v2\/types\/page"}],"author":[{"embeddable":true,"href":"https:\/\/www.plvk.fi\/index.php\/wp-json\/wp\/v2\/users\/3"}],"replies":[{"embeddable":true,"href":"https:\/\/www.plvk.fi\/index.php\/wp-json\/wp\/v2\/comments?post=2205"}],"version-history":[{"count":62,"href":"https:\/\/www.plvk.fi\/index.php\/wp-json\/wp\/v2\/pages\/2205\/revisions"}],"predecessor-version":[{"id":3919,"href":"https:\/\/www.plvk.fi\/index.php\/wp-json\/wp\/v2\/pages\/2205\/revisions\/3919"}],"up":[{"embeddable":true,"href":"https:\/\/www.plvk.fi\/index.php\/wp-json\/wp\/v2\/pages\/19"}],"wp:attachment":[{"href":"https:\/\/www.plvk.fi\/index.php\/wp-json\/wp\/v2\/media?parent=2205"}],"curies":[{"name":"wp","href":"https:\/\/api.w.org\/{rel}","templated":true}]}}