{"id":3,"date":"2022-01-22T17:48:26","date_gmt":"2022-01-22T15:48:26","guid":{"rendered":"https:\/\/www.plvk.fi\/?page_id=3"},"modified":"2024-04-14T21:26:54","modified_gmt":"2024-04-14T18:26:54","slug":"tietosuoja","status":"publish","type":"page","link":"https:\/\/www.plvk.fi\/index.php\/jasenille\/tietosuoja\/","title":{"rendered":"Tietosuoja"},"content":{"rendered":"\t\t<div data-elementor-type=\"wp-page\" data-elementor-id=\"3\" class=\"elementor elementor-3\" data-elementor-post-type=\"page\">\n\t\t\t\t<div class=\"elementor-element elementor-element-7bc9eec6 e-flex e-con-boxed e-con e-parent\" data-id=\"7bc9eec6\" data-element_type=\"container\" data-e-type=\"container\">\n\t\t\t\t\t<div class=\"e-con-inner\">\n\t\t\t\t<div class=\"elementor-element elementor-element-fa9e50c elementor-widget elementor-widget-text-editor\" data-id=\"fa9e50c\" data-element_type=\"widget\" data-e-type=\"widget\" data-widget_type=\"text-editor.default\">\n\t\t\t\t<div class=\"elementor-widget-container\">\n\t\t\t\t\t\t\t\t\t\n<h3>Kameravalvonta<\/h3>\n<ul>\n<li><a href=\"https:\/\/www.plvk.fi\/wp-content\/uploads\/2023\/03\/Tietosuojaseloste_PLVK_Kameravalvonta.pdf\">Tietosuojaseloste kameravalvonta<\/a><\/li>\n<\/ul>\n\n<h3>SUULI &#8211; j\u00e4senrekisteri<\/h3>\n<ul>\n<li><a href=\"https:\/\/www.plvk.fi\/wp-content\/uploads\/2024\/04\/Tietosuojaseloste_PLVK_Jasen-ja-venerekisteri-Suuli_20240212.pdf\">Tietosuojaseloste j\u00e4sen- ja venerekisteri<\/a><\/li>\n<\/ul>\n\n<h3>Kerhosovellus<\/h3>\n<ul>\n<li><a href=\"https:\/\/www.plvk.fi\/wp-content\/uploads\/2023\/03\/Tietosuojaseloste_PLVK_Kerhosovellus.pdf\"> Tietosuojaseloste Kerhosovellus<\/a><\/li>\n<\/ul>\n\n<h3 class=\"wp-block-heading\">Kotisivujen ja verkkokaupan tietosuoja<\/h3>\n\n<p>Sivustomme on kaikille avoin, eik\u00e4 sivujen ja sen sis\u00e4lt\u00e4m\u00e4n verkkokaupan selaaminen edellyt\u00e4 rekister\u00f6inti\u00e4.<\/p>\n\n<p>Verkkokaupan tilaukset v\u00e4litet\u00e4\u00e4n kerhon toimiston s\u00e4hk\u00f6postiosoitteeseen ja s\u00e4ilytet\u00e4\u00e4n sivuston j\u00e4rjestelm\u00e4ss\u00e4 6 kuukauden ajan. Tilaukseen liittyen tallennetaan etunimi, sukunimi, s\u00e4hk\u00f6postiosoite, puhelinnumero ja toimitusosoite. Tilaajatietoihin on p\u00e4\u00e4syoikeus vain j\u00e4senill\u00e4, joilla on k\u00e4ytt\u00f6oikeus sivuston yll\u00e4pitoon. Yhdistyksen hallitus hallinnoi k\u00e4ytt\u00f6oikeuksia.<\/p>\n\n<p>Liity j\u00e4seneksi -lomakkeen kautta l\u00e4hetettyj\u00e4 tietoja ei tallenneta sivustolle, vaan ne v\u00e4litet\u00e4\u00e4n kerhon toimiston s\u00e4hk\u00f6postiosoitteeseen. Lomakkeella ker\u00e4tyt kerhon j\u00e4seneksi hyv\u00e4ksyttyjen tiedot tallennetaan Suomen purjehdus ja veneily -j\u00e4rjest\u00f6n yll\u00e4pit\u00e4m\u00e4\u00e4n j\u00e4senrekisteriin Suuliin.<\/p>\n\n<h4 class=\"wp-block-heading\">Ev\u00e4steet<\/h4>\n\n<p>Sivustomme tallentaa p\u00e4\u00e4telaitteellesi ev\u00e4steit\u00e4 eli pieni\u00e4 tekstitiedostoja.<\/p>\n\n<p>Verkkosivuilla k\u00e4ytt\u00e4m\u00e4mme tekniset ev\u00e4steet mahdollistavat sivuston ja verkkokauppan toimivuuden. Toiminnan kannalta v\u00e4ltt\u00e4m\u00e4tt\u00f6mi\u00e4 ev\u00e4steit\u00e4 ei voi kielt\u00e4\u00e4. Lis\u00e4ksi ker\u00e4\u00e4mme sivujen k\u00e4ytt\u00e4misest\u00e4 tilastotietoa, jossa k\u00e4ytt\u00e4ji\u00e4 ei tunnisteta.<\/p>\n\n<ul>\n<li>Sivuston vapaaehtoisten ev\u00e4steiden hallinta: <a href=\"#\" class=\"cn-revoke-cookie cn-button-inline cn-revoke-inline\" title=\"Poista suostumus\">Poista suostumus<\/a><\/li>\n<\/ul>\n\t\t\t\t\t\t\t\t<\/div>\n\t\t\t\t<\/div>\n\t\t\t\t\t<\/div>\n\t\t\t\t<\/div>\n\t\t<div class=\"elementor-element elementor-element-d2ac5c8 e-flex e-con-boxed e-con e-parent\" data-id=\"d2ac5c8\" data-element_type=\"container\" data-e-type=\"container\">\n\t\t\t\t\t<div class=\"e-con-inner\">\n\t\t\t\t\t<\/div>\n\t\t\t\t<\/div>\n\t\t\t\t<\/div>\n\t\t","protected":false},"excerpt":{"rendered":"<p>Kameravalvonta Tietosuojaseloste kameravalvonta SUULI &#8211; j\u00e4senrekisteri Tietosuojaseloste j\u00e4sen- ja venerekisteri Kerhosovellus Tietosuojaseloste Kerhosovellus Kotisivujen ja verkkokaupan tietosuoja Sivustomme on kaikille avoin, eik\u00e4 sivujen ja sen sis\u00e4lt\u00e4m\u00e4n verkkokaupan selaaminen edellyt\u00e4 rekister\u00f6inti\u00e4. [&hellip;]<\/p>\n","protected":false},"author":3,"featured_media":0,"parent":1890,"menu_order":5,"comment_status":"closed","ping_status":"closed","template":"","meta":{"site-sidebar-layout":"default","site-content-layout":"","ast-site-content-layout":"default","site-content-style":"default","site-sidebar-style":"default","ast-global-header-display":"","ast-banner-title-visibility":"","ast-main-header-display":"","ast-hfb-above-header-display":"","ast-hfb-below-header-display":"","ast-hfb-mobile-header-display":"","site-post-title":"","ast-breadcrumbs-content":"","ast-featured-img":"","footer-sml-layout":"","ast-disable-related-posts":"","theme-transparent-header-meta":"","adv-header-id-meta":"","stick-header-meta":"","header-above-stick-meta":"","header-main-stick-meta":"","header-below-stick-meta":"","astra-migrate-meta-layouts":"set","ast-page-background-enabled":"default","ast-page-background-meta":{"desktop":{"background-color":"var(--ast-global-color-4)","background-image":"","background-repeat":"repeat","background-position":"center center","background-size":"auto","background-attachment":"scroll","background-type":"","background-media":"","overlay-type":"","overlay-color":"","overlay-opacity":"","overlay-gradient":""},"tablet":{"background-color":"","background-image":"","background-repeat":"repeat","background-position":"center center","background-size":"auto","background-attachment":"scroll","background-type":"","background-media":"","overlay-type":"","overlay-color":"","overlay-opacity":"","overlay-gradient":""},"mobile":{"background-color":"","background-image":"","background-repeat":"repeat","background-position":"center center","background-size":"auto","background-attachment":"scroll","background-type":"","background-media":"","overlay-type":"","overlay-color":"","overlay-opacity":"","overlay-gradient":""}},"ast-content-background-meta":{"desktop":{"background-color":"var(--ast-global-color-5)","background-image":"","background-repeat":"repeat","background-position":"center center","background-size":"auto","background-attachment":"scroll","background-type":"","background-media":"","overlay-type":"","overlay-color":"","overlay-opacity":"","overlay-gradient":""},"tablet":{"background-color":"var(--ast-global-color-5)","background-image":"","background-repeat":"repeat","background-position":"center center","background-size":"auto","background-attachment":"scroll","background-type":"","background-media":"","overlay-type":"","overlay-color":"","overlay-opacity":"","overlay-gradient":""},"mobile":{"background-color":"var(--ast-global-color-5)","background-image":"","background-repeat":"repeat","background-position":"center center","background-size":"auto","background-attachment":"scroll","background-type":"","background-media":"","overlay-type":"","overlay-color":"","overlay-opacity":"","overlay-gradient":""}},"footnotes":""},"class_list":["post-3","page","type-page","status-publish","hentry"],"_links":{"self":[{"href":"https:\/\/www.plvk.fi\/index.php\/wp-json\/wp\/v2\/pages\/3","targetHints":{"allow":["GET"]}}],"collection":[{"href":"https:\/\/www.plvk.fi\/index.php\/wp-json\/wp\/v2\/pages"}],"about":[{"href":"https:\/\/www.plvk.fi\/index.php\/wp-json\/wp\/v2\/types\/page"}],"author":[{"embeddable":true,"href":"https:\/\/www.plvk.fi\/index.php\/wp-json\/wp\/v2\/users\/3"}],"replies":[{"embeddable":true,"href":"https:\/\/www.plvk.fi\/index.php\/wp-json\/wp\/v2\/comments?post=3"}],"version-history":[{"count":21,"href":"https:\/\/www.plvk.fi\/index.php\/wp-json\/wp\/v2\/pages\/3\/revisions"}],"predecessor-version":[{"id":3036,"href":"https:\/\/www.plvk.fi\/index.php\/wp-json\/wp\/v2\/pages\/3\/revisions\/3036"}],"up":[{"embeddable":true,"href":"https:\/\/www.plvk.fi\/index.php\/wp-json\/wp\/v2\/pages\/1890"}],"wp:attachment":[{"href":"https:\/\/www.plvk.fi\/index.php\/wp-json\/wp\/v2\/media?parent=3"}],"curies":[{"name":"wp","href":"https:\/\/api.w.org\/{rel}","templated":true}]}}