{"id":3135,"date":"2024-06-07T15:32:16","date_gmt":"2024-06-07T12:32:16","guid":{"rendered":"https:\/\/www.plvk.fi\/?page_id=3135"},"modified":"2024-07-07T14:19:53","modified_gmt":"2024-07-07T11:19:53","slug":"saariyhteistyo","status":"publish","type":"page","link":"https:\/\/www.plvk.fi\/index.php\/jasenille\/saariyhteistyo\/","title":{"rendered":"Saariyhteisty\u00f6"},"content":{"rendered":"\t\t<div data-elementor-type=\"wp-page\" data-elementor-id=\"3135\" class=\"elementor elementor-3135\" data-elementor-post-type=\"page\">\n\t\t\t\t<div class=\"elementor-element elementor-element-55ba033c e-flex e-con-boxed e-con e-parent\" data-id=\"55ba033c\" data-element_type=\"container\" data-e-type=\"container\">\n\t\t\t\t\t<div class=\"e-con-inner\">\n\t\t\t\t<div class=\"elementor-element elementor-element-495d20c1 elementor-widget elementor-widget-text-editor\" data-id=\"495d20c1\" data-element_type=\"widget\" data-e-type=\"widget\" data-widget_type=\"text-editor.default\">\n\t\t\t\t<div class=\"elementor-widget-container\">\n\t\t\t\t\t\t\t\t\t\n<p>Porslahden venekerho on aloittanut saariyhteisty\u00f6n Merenk\u00e4vij\u00f6iden kanssa kes\u00e4ll\u00e4 2024. Yhteisty\u00f6sopimuksen mukaan PLVK:n j\u00e4senet voivat k\u00e4ytt\u00e4\u00e4 Merenk\u00e4vij\u00f6iden seuraavia tukikohtia eli majasaaria: Granlandet, Sulkaniemi ja Stensk\u00e4r.<\/p>\n\n<h3 class=\"wp-block-heading\">Majasaarilla vierailu<\/h3>\n\n<p>Saarten tarkat sijainnit ja kartat ovat PLVK:n j\u00e4senist\u00f6lle saatavilla <a href=\"https:\/\/www.plvk.fi\/index.php\/nouda-salasana-kerhosovelluksesta\/\">Saarikohteiden j\u00e4rjestyss\u00e4\u00e4nn\u00f6t-sivulla.\u00a0<\/a><\/p>\n<p><strong>HUOM!<\/strong> Salasana sivulle sek\u00e4 saarien avainlokeroiden koodit l\u00f6ytyv\u00e4t <a href=\"\/index.php\/jasenille\/kerhosovellus\/\">Kerhosovelluksesta<\/a>.<\/p>\n<p>\u00a0<\/p>\n\n<p>Sopimukseen kuuluvat majasaaret on esitelty alla lyhyesti. Tarkemmat saarikuvaukset l\u00f6ytyv\u00e4t <a href=\"https:\/\/www.merenkavijat.fi\/kotisatamat.html\" target=\"_blank\" rel=\"noreferrer noopener\" data-type=\"link\" data-id=\"https:\/\/www.merenkavijat.fi\/kotisatamat.html\">Merenk\u00e4vij\u00f6iden kotisivuilta<\/a>&gt;<\/p>\n\n<p><img fetchpriority=\"high\" decoding=\"async\" class=\"wp-image-3140 size-large\" src=\"https:\/\/www.plvk.fi\/wp-content\/uploads\/2024\/06\/plvk_kuvitus_lokki_2048px-1024x308.jpg\" alt=\"\" width=\"1024\" height=\"308\" srcset=\"https:\/\/www.plvk.fi\/wp-content\/uploads\/2024\/06\/plvk_kuvitus_lokki_2048px-1024x308.jpg 1024w, https:\/\/www.plvk.fi\/wp-content\/uploads\/2024\/06\/plvk_kuvitus_lokki_2048px-300x90.jpg 300w, https:\/\/www.plvk.fi\/wp-content\/uploads\/2024\/06\/plvk_kuvitus_lokki_2048px-768x231.jpg 768w, https:\/\/www.plvk.fi\/wp-content\/uploads\/2024\/06\/plvk_kuvitus_lokki_2048px-1536x461.jpg 1536w, https:\/\/www.plvk.fi\/wp-content\/uploads\/2024\/06\/plvk_kuvitus_lokki_2048px.jpg 2048w\" sizes=\"(max-width: 1024px) 100vw, 1024px\" \/><\/p>\n\n<h3 class=\"wp-block-heading\">Granlandet, Eestiluoto<\/h3>\n\n<p>Granlandet sijaitsee Eestiluodon saariryhm\u00e4ss\u00e4, Sipoon ulkosaaristossa. Saari on Helsingin kaupungin omistuksessa ja Merenk\u00e4vij\u00f6ill\u00e4 on vuokrasopimus sen k\u00e4yt\u00f6st\u00e4 satamapaikkanaan.<\/p>\n\n<h4 class=\"wp-block-heading\">Rakennukset<\/h4>\n\n<ul class=\"wp-block-list\">\n<li>Sauna<\/li>\n<\/ul>\n\n<h4 class=\"wp-block-heading\">Rantautuminen<\/h4>\n\n<ul class=\"wp-block-list\">\n<li>Ranta kivikkoa, ei laituria<\/li>\n\n<li>Per\u00e4poijuja<\/li>\n\n<li>Yksi haalauspoiju lahdella<\/li>\n\n<li>Maihinnousu korkeakeulaisista veneist\u00e4 edellytt\u00e4\u00e4 keulaportaita.<\/li>\n<\/ul>\n\n<p>\u00a0<\/p>\n\n<h3 class=\"wp-block-heading\">Sulkaniemi, Onas<\/h3>\n\n<p>Sulkaniemi sijaitsee Onaksen saaristossa, Porvoon kaupungin alueella ja on L\u00e5ng\u00f6-nimisen saaren luoteinen osa.<\/p>\n\n<h4 class=\"wp-block-heading\">Rakennukset<\/h4>\n\n<ul class=\"wp-block-list\">\n<li>Maja<\/li>\n\n<li>Kallen sauna (naisten ja miesten vuorot)<\/li>\n\n<li>Havulinna-sauna (perhesauna), maksullinen<\/li>\n<\/ul>\n\n<h4 class=\"wp-block-heading\">Rantautuminen<\/h4>\n\n<ul class=\"wp-block-list\">\n<li>Pontonilaituri ja rantalaituri<\/li>\n<li>Kallioranta<\/li>\n\n<li>Kiinnitysrenkaita<\/li>\n\n<li>Per\u00e4poijuja<\/li>\n\n<li>Pit\u00e4v\u00e4 ankkuripohja<\/li>\n<\/ul>\n\n<p>\u00a0<\/p>\n\n<h3 class=\"wp-block-heading\">Stensk\u00e4r, Nauvo<\/h3>\n\n<p>Stensk\u00e4r sijaitsee Nauvon saaristossa Gullkronan etel\u00e4puolella. Merenk\u00e4vij\u00e4t on vuokrannut alueen omistajalta Stensk\u00e4rin l\u00e4ntisimm\u00e4n niemen.<\/p>\n\n<h4 class=\"wp-block-heading\">Rakennukset<\/h4>\n\n<ul class=\"wp-block-list\">\n<li>Sauna<\/li>\n<\/ul>\n\n<h4 class=\"wp-block-heading\">Rantautuminen<\/h4>\n\n<ul class=\"wp-block-list\">\n<li>Poijupaikkoja<\/li>\n<\/ul>\n\t\t\t\t\t\t\t\t<\/div>\n\t\t\t\t<\/div>\n\t\t\t\t<div class=\"elementor-element elementor-element-0711f43 elementor-view-default elementor-widget elementor-widget-icon\" data-id=\"0711f43\" data-element_type=\"widget\" data-e-type=\"widget\" data-widget_type=\"icon.default\">\n\t\t\t\t<div class=\"elementor-widget-container\">\n\t\t\t\t\t\t\t<div class=\"elementor-icon-wrapper\">\n\t\t\t<div class=\"elementor-icon\">\n\t\t\t<svg aria-hidden=\"true\" class=\"e-font-icon-svg e-fas-anchor\" viewBox=\"0 0 576 512\" xmlns=\"http:\/\/www.w3.org\/2000\/svg\"><path d=\"M12.971 352h32.394C67.172 454.735 181.944 512 288 512c106.229 0 220.853-57.38 242.635-160h32.394c10.691 0 16.045-12.926 8.485-20.485l-67.029-67.029c-4.686-4.686-12.284-4.686-16.971 0l-67.029 67.029c-7.56 7.56-2.206 20.485 8.485 20.485h35.146c-20.29 54.317-84.963 86.588-144.117 94.015V256h52c6.627 0 12-5.373 12-12v-40c0-6.627-5.373-12-12-12h-52v-5.47c37.281-13.178 63.995-48.725 64-90.518C384.005 43.772 341.605.738 289.37.01 235.723-.739 192 42.525 192 96c0 41.798 26.716 77.35 64 90.53V192h-52c-6.627 0-12 5.373-12 12v40c0 6.627 5.373 12 12 12h52v190.015c-58.936-7.399-123.82-39.679-144.117-94.015h35.146c10.691 0 16.045-12.926 8.485-20.485l-67.029-67.029c-4.686-4.686-12.284-4.686-16.971 0L4.485 331.515C-3.074 339.074 2.28 352 12.971 352zM288 64c17.645 0 32 14.355 32 32s-14.355 32-32 32-32-14.355-32-32 14.355-32 32-32z\"><\/path><\/svg>\t\t\t<\/div>\n\t\t<\/div>\n\t\t\t\t\t\t<\/div>\n\t\t\t\t<\/div>\n\t\t\t\t\t<\/div>\n\t\t\t\t<\/div>\n\t\t<div class=\"elementor-element elementor-element-ee6c178 e-flex e-con-boxed e-con e-parent\" data-id=\"ee6c178\" data-element_type=\"container\" data-e-type=\"container\">\n\t\t\t\t\t<div class=\"e-con-inner\">\n\t\t\t\t\t<\/div>\n\t\t\t\t<\/div>\n\t\t\t\t<\/div>\n\t\t","protected":false},"excerpt":{"rendered":"<p>Porslahden venekerho on aloittanut saariyhteisty\u00f6n Merenk\u00e4vij\u00f6iden kanssa kes\u00e4ll\u00e4 2024. Yhteisty\u00f6sopimuksen mukaan PLVK:n j\u00e4senet voivat k\u00e4ytt\u00e4\u00e4 Merenk\u00e4vij\u00f6iden seuraavia tukikohtia eli majasaaria: Granlandet, Sulkaniemi ja Stensk\u00e4r. Majasaarilla vierailu Saarten tarkat sijainnit ja [&hellip;]<\/p>\n","protected":false},"author":3,"featured_media":0,"parent":1890,"menu_order":6,"comment_status":"closed","ping_status":"closed","template":"","meta":{"site-sidebar-layout":"default","site-content-layout":"","ast-site-content-layout":"default","site-content-style":"default","site-sidebar-style":"default","ast-global-header-display":"","ast-banner-title-visibility":"","ast-main-header-display":"","ast-hfb-above-header-display":"","ast-hfb-below-header-display":"","ast-hfb-mobile-header-display":"","site-post-title":"","ast-breadcrumbs-content":"","ast-featured-img":"","footer-sml-layout":"","ast-disable-related-posts":"","theme-transparent-header-meta":"","adv-header-id-meta":"","stick-header-meta":"","header-above-stick-meta":"","header-main-stick-meta":"","header-below-stick-meta":"","astra-migrate-meta-layouts":"set","ast-page-background-enabled":"default","ast-page-background-meta":{"desktop":{"background-color":"var(--ast-global-color-4)","background-image":"","background-repeat":"repeat","background-position":"center center","background-size":"auto","background-attachment":"scroll","background-type":"","background-media":"","overlay-type":"","overlay-color":"","overlay-opacity":"","overlay-gradient":""},"tablet":{"background-color":"","background-image":"","background-repeat":"repeat","background-position":"center center","background-size":"auto","background-attachment":"scroll","background-type":"","background-media":"","overlay-type":"","overlay-color":"","overlay-opacity":"","overlay-gradient":""},"mobile":{"background-color":"","background-image":"","background-repeat":"repeat","background-position":"center center","background-size":"auto","background-attachment":"scroll","background-type":"","background-media":"","overlay-type":"","overlay-color":"","overlay-opacity":"","overlay-gradient":""}},"ast-content-background-meta":{"desktop":{"background-color":"var(--ast-global-color-5)","background-image":"","background-repeat":"repeat","background-position":"center center","background-size":"auto","background-attachment":"scroll","background-type":"","background-media":"","overlay-type":"","overlay-color":"","overlay-opacity":"","overlay-gradient":""},"tablet":{"background-color":"var(--ast-global-color-5)","background-image":"","background-repeat":"repeat","background-position":"center center","background-size":"auto","background-attachment":"scroll","background-type":"","background-media":"","overlay-type":"","overlay-color":"","overlay-opacity":"","overlay-gradient":""},"mobile":{"background-color":"var(--ast-global-color-5)","background-image":"","background-repeat":"repeat","background-position":"center center","background-size":"auto","background-attachment":"scroll","background-type":"","background-media":"","overlay-type":"","overlay-color":"","overlay-opacity":"","overlay-gradient":""}},"footnotes":""},"class_list":["post-3135","page","type-page","status-publish","hentry"],"_links":{"self":[{"href":"https:\/\/www.plvk.fi\/index.php\/wp-json\/wp\/v2\/pages\/3135","targetHints":{"allow":["GET"]}}],"collection":[{"href":"https:\/\/www.plvk.fi\/index.php\/wp-json\/wp\/v2\/pages"}],"about":[{"href":"https:\/\/www.plvk.fi\/index.php\/wp-json\/wp\/v2\/types\/page"}],"author":[{"embeddable":true,"href":"https:\/\/www.plvk.fi\/index.php\/wp-json\/wp\/v2\/users\/3"}],"replies":[{"embeddable":true,"href":"https:\/\/www.plvk.fi\/index.php\/wp-json\/wp\/v2\/comments?post=3135"}],"version-history":[{"count":48,"href":"https:\/\/www.plvk.fi\/index.php\/wp-json\/wp\/v2\/pages\/3135\/revisions"}],"predecessor-version":[{"id":3224,"href":"https:\/\/www.plvk.fi\/index.php\/wp-json\/wp\/v2\/pages\/3135\/revisions\/3224"}],"up":[{"embeddable":true,"href":"https:\/\/www.plvk.fi\/index.php\/wp-json\/wp\/v2\/pages\/1890"}],"wp:attachment":[{"href":"https:\/\/www.plvk.fi\/index.php\/wp-json\/wp\/v2\/media?parent=3135"}],"curies":[{"name":"wp","href":"https:\/\/api.w.org\/{rel}","templated":true}]}}